{"id":70,"date":"2016-07-06T15:41:16","date_gmt":"2016-07-06T18:41:16","guid":{"rendered":"http:\/\/apcmode.com\/?page_id=70"},"modified":"2016-07-18T09:40:22","modified_gmt":"2016-07-18T12:40:22","slug":"ferramentas","status":"publish","type":"page","link":"https:\/\/apcmode.com\/?page_id=70","title":{"rendered":"Ferramentas"},"content":{"rendered":"<h3 id=\"tela_sinotica\">\u00a0Gerador de Sinais<\/h3>\n<p>Gera sinais constantes ou aleat\u00f3rios para as simula\u00e7\u00f5es. S\u00e3o \u00fateis para estabelecer condi\u00e7\u00f5es operacionais ou para simular ru\u00eddos e dist\u00farbios externos aleat\u00f3rios.<\/p>\n<p><img loading=\"lazy\" decoding=\"async\" class=\"alignnone size-full wp-image-63\" src=\"https:\/\/apcmode.com\/wp-content\/uploads\/2016\/07\/gerador_sinais.jpg\" alt=\"gerador_sinais\" width=\"385\" height=\"493\" srcset=\"https:\/\/apcmode.com\/wp-content\/uploads\/2016\/07\/gerador_sinais.jpg 385w, https:\/\/apcmode.com\/wp-content\/uploads\/2016\/07\/gerador_sinais-234x300.jpg 234w, https:\/\/apcmode.com\/wp-content\/uploads\/2016\/07\/gerador_sinais-100x128.jpg 100w, https:\/\/apcmode.com\/wp-content\/uploads\/2016\/07\/gerador_sinais-150x192.jpg 150w, https:\/\/apcmode.com\/wp-content\/uploads\/2016\/07\/gerador_sinais-200x256.jpg 200w, https:\/\/apcmode.com\/wp-content\/uploads\/2016\/07\/gerador_sinais-300x384.jpg 300w\" sizes=\"auto, (max-width: 385px) 100vw, 385px\" \/><\/p>\n<p>Os sinais s\u00e3o atualizados a cada ciclo de simula\u00e7\u00e3o e armazenados em endere\u00e7os de mem\u00f3ria na faixa de 81 a 96 (indicado na primeira coluna). As op\u00e7\u00f5es s\u00e3o:<\/p>\n<ul>\n<li>Constante 0-100: permite que usu\u00e1rio defina um\u00a0valor constante na faixa entre 0 e 100;<\/li>\n<li>Constante 0-1: permite que usu\u00e1rio defina um valor bin\u00e1rio;<\/li>\n<li>Aleat\u00f3rio R\u00e1pido: vari\u00e1vel aleat\u00f3ria atualizada a cada ciclo de execu\u00e7\u00e3o (100 ms);<\/li>\n<li>Aleat\u00f3rio M\u00e9dio: vari\u00e1vel aleat\u00f3ria atualizada em intervalos tamb\u00e9m aleat\u00f3rios e filtrada por sistema de primeira ordem;<\/li>\n<li>Aleat\u00f3rio Lento: vari\u00e1vel aleat\u00f3ria;<\/li>\n<li>Sinal Senoidal: gera sinal senoidal com amplitude e per\u00edodo determinado pelo usu\u00e1rio;<\/li>\n<li><em>Random Walk<\/em>: vari\u00e1vel aleat\u00f3rio filtrada por sistema do tipo &#8220;&#8221;1\/s&#8221;;<\/li>\n<li>Equa\u00e7\u00e3o: permite combinar diferentes sinais por meio de uma express\u00e3o alg\u00e9brica;<\/li>\n<li>LN(): calcula logaritmo neperiano do argumento informado;<\/li>\n<li>Exp(): calcula fun\u00e7\u00e3o exponencial para o argumento informado.<\/li>\n<\/ul>\n<p><img loading=\"lazy\" decoding=\"async\" class=\"alignnone size-full wp-image-61\" src=\"https:\/\/apcmode.com\/wp-content\/uploads\/2016\/07\/exemplo_sinais.jpg\" alt=\"exemplo_sinais\" width=\"621\" height=\"1101\" srcset=\"https:\/\/apcmode.com\/wp-content\/uploads\/2016\/07\/exemplo_sinais.jpg 621w, https:\/\/apcmode.com\/wp-content\/uploads\/2016\/07\/exemplo_sinais-169x300.jpg 169w, https:\/\/apcmode.com\/wp-content\/uploads\/2016\/07\/exemplo_sinais-578x1024.jpg 578w, https:\/\/apcmode.com\/wp-content\/uploads\/2016\/07\/exemplo_sinais-100x177.jpg 100w, https:\/\/apcmode.com\/wp-content\/uploads\/2016\/07\/exemplo_sinais-150x266.jpg 150w, https:\/\/apcmode.com\/wp-content\/uploads\/2016\/07\/exemplo_sinais-200x355.jpg 200w, https:\/\/apcmode.com\/wp-content\/uploads\/2016\/07\/exemplo_sinais-300x532.jpg 300w, https:\/\/apcmode.com\/wp-content\/uploads\/2016\/07\/exemplo_sinais-450x798.jpg 450w, https:\/\/apcmode.com\/wp-content\/uploads\/2016\/07\/exemplo_sinais-600x1064.jpg 600w\" sizes=\"auto, (max-width: 621px) 100vw, 621px\" \/><\/p>\n<h3 id=\"registrador\"><\/h3>\n<h3 id=\"simulacao_rapida\">Simula\u00e7\u00e3o R\u00e1pida<\/h3>\n<p>Em seu modo usual, o TDPS gera os\u00a0resultados em tempo real. Com este recurso os sinais de cada malha de controle s\u00e3o calculados e apresentados &#8220;instantaneamente&#8221; (depende da capacidade de processamento da m\u00e1quina), em janelas de at\u00e9\u00a04 horas.<\/p>\n<p>O resultado \u00e9 mostrado\u00a0no gr\u00e1fico superior, podendo tamb\u00e9m ser arquivado e apresentado no gr\u00e1fico inferior.<\/p>\n<p><img loading=\"lazy\" decoding=\"async\" class=\"alignnone size-full wp-image-162\" src=\"https:\/\/apcmode.com\/wp-content\/uploads\/2016\/07\/sim_rapida-1.png\" alt=\"sim_rapida\" width=\"1366\" height=\"727\" srcset=\"https:\/\/apcmode.com\/wp-content\/uploads\/2016\/07\/sim_rapida-1.png 1366w, https:\/\/apcmode.com\/wp-content\/uploads\/2016\/07\/sim_rapida-1-300x160.png 300w, https:\/\/apcmode.com\/wp-content\/uploads\/2016\/07\/sim_rapida-1-768x409.png 768w, https:\/\/apcmode.com\/wp-content\/uploads\/2016\/07\/sim_rapida-1-1024x545.png 1024w, https:\/\/apcmode.com\/wp-content\/uploads\/2016\/07\/sim_rapida-1-100x53.png 100w, https:\/\/apcmode.com\/wp-content\/uploads\/2016\/07\/sim_rapida-1-150x80.png 150w, https:\/\/apcmode.com\/wp-content\/uploads\/2016\/07\/sim_rapida-1-200x106.png 200w, https:\/\/apcmode.com\/wp-content\/uploads\/2016\/07\/sim_rapida-1-450x239.png 450w, https:\/\/apcmode.com\/wp-content\/uploads\/2016\/07\/sim_rapida-1-600x319.png 600w, https:\/\/apcmode.com\/wp-content\/uploads\/2016\/07\/sim_rapida-1-900x479.png 900w\" sizes=\"auto, (max-width: 1366px) 100vw, 1366px\" \/><\/p>\n\n<table id=\"tablepress-3\" class=\"tablepress tablepress-id-3\">\n<tbody class=\"row-hover\">\n<tr class=\"row-1 odd\">\n\t<td class=\"column-1\"><img loading=\"lazy\" decoding=\"async\" src=\"http:\/\/apcmode.com\/wp-content\/uploads\/2016\/07\/tela_sinotica9.png\" alt=\"tela_sinotica9\" width=\"191\" height=\"276\" class=\"alignnone size-full wp-image-274\" srcset=\"https:\/\/apcmode.com\/wp-content\/uploads\/2016\/07\/tela_sinotica9.png 191w, https:\/\/apcmode.com\/wp-content\/uploads\/2016\/07\/tela_sinotica9-100x145.png 100w, https:\/\/apcmode.com\/wp-content\/uploads\/2016\/07\/tela_sinotica9-150x217.png 150w\" sizes=\"auto, (max-width: 191px) 100vw, 191px\" \/><\/td><td class=\"column-2\">- A lista \"janela de simula\u00e7\u00e3o\" determina a dura\u00e7\u00e3o da simula\u00e7\u00e3o, podendo ser de 30 minutos \u00e0 4 horas.<br \/>\n- A lista \"tempo de amostragem\" define o intervalo com a qual os c\u00e1lculos ser\u00e3o realizados. Quanto menor, maior a exatid\u00e3o dos resultados, por\u00e9m maior tempo de processamento ser\u00e1 demandado. <br \/>\n- Na lista abaixo existe a op\u00e7\u00e3o de  realizar a simula\u00e7\u00e3o das malhas com a inclus\u00e3o de sinais de teste, tal como degrau no setpoint ou resposta ao dist\u00farbio em degrau.<br \/>\n- O bot\u00e3o \"simular\" inicia a simula\u00e7\u00e3o<br \/>\n- O checkbox \"Armazenar dados\", quando habilita, cria um arquivo texto contendo os resultados da simula\u00e7\u00e3o. O arquivo \u00e9 criado com o nome indicado na caixa de texto abaixo.<\/td>\n<\/tr>\n<\/tbody>\n<\/table>\n<!-- #tablepress-3 from cache -->\n<h3 id=\"mapa_variaveis\">Lista\u00a0de Vari\u00e1veis<\/h3>\n<p>Permite visualizar e editar todas as vari\u00e1veis do projeto. O TDPS\u00a0utiliza 124 vari\u00e1veis internas, chamadas de &#8220;posi\u00e7\u00f5es de mem\u00f3ria&#8221;, identificadas pela letra M seguido de 2 d\u00edgitos num\u00e9ricos. O mapa de utiliza\u00e7\u00e3o destas mem\u00f3rias \u00e9 relacionado na tabela abaixo.<\/p>\n<p><img loading=\"lazy\" decoding=\"async\" class=\"alignnone size-full wp-image-64\" src=\"https:\/\/apcmode.com\/wp-content\/uploads\/2016\/07\/mapavariaveis.jpg\" alt=\"mapavariaveis\" width=\"861\" height=\"661\" srcset=\"https:\/\/apcmode.com\/wp-content\/uploads\/2016\/07\/mapavariaveis.jpg 861w, https:\/\/apcmode.com\/wp-content\/uploads\/2016\/07\/mapavariaveis-300x230.jpg 300w, https:\/\/apcmode.com\/wp-content\/uploads\/2016\/07\/mapavariaveis-768x590.jpg 768w, https:\/\/apcmode.com\/wp-content\/uploads\/2016\/07\/mapavariaveis-100x77.jpg 100w, https:\/\/apcmode.com\/wp-content\/uploads\/2016\/07\/mapavariaveis-150x115.jpg 150w, https:\/\/apcmode.com\/wp-content\/uploads\/2016\/07\/mapavariaveis-200x154.jpg 200w, https:\/\/apcmode.com\/wp-content\/uploads\/2016\/07\/mapavariaveis-450x345.jpg 450w, https:\/\/apcmode.com\/wp-content\/uploads\/2016\/07\/mapavariaveis-600x461.jpg 600w\" sizes=\"auto, (max-width: 861px) 100vw, 861px\" \/><\/p>\n<p>A ferramenta &#8220;Lista de Vari\u00e1veis&#8221; permite a edi\u00e7\u00e3o de alguns atributos destas mem\u00f3rias, tal como descri\u00e7\u00e3o, n\u00edveis de alarme e unidade de engenharia. Para isso basta clicar sobre o atributo, editar e pressionar a tecla &lt;enter&gt;.<\/p>\n<p>Os campos edit\u00e1veis s\u00e3o apresentados na figura abaixo.<\/p>\n<p><img loading=\"lazy\" decoding=\"async\" class=\"alignnone size-full wp-image-281\" src=\"https:\/\/apcmode.com\/wp-content\/uploads\/2016\/07\/lista_variaveis.png\" alt=\"lista_variaveis\" width=\"874\" height=\"699\" srcset=\"https:\/\/apcmode.com\/wp-content\/uploads\/2016\/07\/lista_variaveis.png 874w, https:\/\/apcmode.com\/wp-content\/uploads\/2016\/07\/lista_variaveis-300x240.png 300w, https:\/\/apcmode.com\/wp-content\/uploads\/2016\/07\/lista_variaveis-768x614.png 768w, https:\/\/apcmode.com\/wp-content\/uploads\/2016\/07\/lista_variaveis-100x80.png 100w, https:\/\/apcmode.com\/wp-content\/uploads\/2016\/07\/lista_variaveis-150x120.png 150w, https:\/\/apcmode.com\/wp-content\/uploads\/2016\/07\/lista_variaveis-200x160.png 200w, https:\/\/apcmode.com\/wp-content\/uploads\/2016\/07\/lista_variaveis-450x360.png 450w, https:\/\/apcmode.com\/wp-content\/uploads\/2016\/07\/lista_variaveis-600x480.png 600w\" sizes=\"auto, (max-width: 874px) 100vw, 874px\" \/><\/p>\n<p>&nbsp;<\/p>\n","protected":false},"excerpt":{"rendered":"<p>\u00a0Gerador de Sinais Gera sinais constantes ou aleat\u00f3rios para as simula\u00e7\u00f5es. S\u00e3o \u00fateis para estabelecer condi\u00e7\u00f5es operacionais ou para simular ru\u00eddos e dist\u00farbios externos aleat\u00f3rios. Os sinais s\u00e3o atualizados a cada ciclo de simula\u00e7\u00e3o e armazenados em endere\u00e7os de mem\u00f3ria &hellip;<\/p>\n<p class=\"read-more\"> <a class=\"more-link\" href=\"https:\/\/apcmode.com\/?page_id=70\"> <span class=\"screen-reader-text\">Ferramentas<\/span> Read More &raquo;<\/a><\/p>\n","protected":false},"author":1,"featured_media":0,"parent":2,"menu_order":2,"comment_status":"closed","ping_status":"closed","template":"content-sidebar-page.php","meta":{"footnotes":""},"class_list":["post-70","page","type-page","status-publish","hentry"],"_links":{"self":[{"href":"https:\/\/apcmode.com\/index.php?rest_route=\/wp\/v2\/pages\/70","targetHints":{"allow":["GET"]}}],"collection":[{"href":"https:\/\/apcmode.com\/index.php?rest_route=\/wp\/v2\/pages"}],"about":[{"href":"https:\/\/apcmode.com\/index.php?rest_route=\/wp\/v2\/types\/page"}],"author":[{"embeddable":true,"href":"https:\/\/apcmode.com\/index.php?rest_route=\/wp\/v2\/users\/1"}],"replies":[{"embeddable":true,"href":"https:\/\/apcmode.com\/index.php?rest_route=%2Fwp%2Fv2%2Fcomments&post=70"}],"version-history":[{"count":0,"href":"https:\/\/apcmode.com\/index.php?rest_route=\/wp\/v2\/pages\/70\/revisions"}],"up":[{"embeddable":true,"href":"https:\/\/apcmode.com\/index.php?rest_route=\/wp\/v2\/pages\/2"}],"wp:attachment":[{"href":"https:\/\/apcmode.com\/index.php?rest_route=%2Fwp%2Fv2%2Fmedia&parent=70"}],"curies":[{"name":"wp","href":"https:\/\/api.w.org\/{rel}","templated":true}]}}