{"id":374,"date":"2016-07-19T09:06:52","date_gmt":"2016-07-19T12:06:52","guid":{"rendered":"http:\/\/apcmode.com\/?page_id=374"},"modified":"2020-07-04T18:17:28","modified_gmt":"2020-07-04T21:17:28","slug":"parametros-variantes-pelo-ponto-de-operacao","status":"publish","type":"page","link":"https:\/\/apcmode.com\/?page_id=374","title":{"rendered":"Par\u00e2metros variantes"},"content":{"rendered":"<table style=\"width: 100%;\" border=\"1\" cellpadding=\"5\">\n<tbody>\n<tr>\n<td><a href=\"https:\/\/apcmode.com\/?page_id=372\">Retorna para t\u00f3pico anterior<\/a><\/td>\n<td>Conte\u00fado deste t\u00f3pico<br \/>\n&#8211; <a href=\"#caso1\">Varia\u00e7\u00e3o na constante de tempo<\/a><br \/>\n&#8211; <a href=\"#caso2\">Varia\u00e7\u00e3o no tempo morto<\/a><br \/>\n&#8211;<a href=\"#caso3\"> Varia\u00e7\u00e3o no ganho est\u00e1tico<\/a><br \/>\n&#8211; <a href=\"#linearizador\">Fun\u00e7\u00e3o linearizadora<\/a><br \/>\n&#8211; <a href=\"#projeto\">Considera\u00e7\u00f5es de Projeto<\/a><\/td>\n<td><a href=\"https:\/\/apcmode.com\/?page_id=376\">Avan\u00e7a para pr\u00f3ximo t\u00f3pico<\/a><\/td>\n<\/tr>\n<\/tbody>\n<\/table>\n<p>Nenhum processo possui par\u00e2metros estritamente constantes. Ganho, tempo morto e constante de tempo dominante variam de acordo com as condi\u00e7\u00f5es operacionais.<\/p>\n<p>\u00c9 importante durante o projeto do controlador conhecer a varia\u00e7\u00e3o destes par\u00e2metros em todas as condi\u00e7\u00f5es em que a malha de controle ir\u00e1 operar. E isso pode implicar em um ajuste robusto ou no uso de um controlador adaptativo ou n\u00e3o-linear.<\/p>\n<hr>\n<h3 id=\"caso1\"><span style=\"color: #993300;\">Caso 1: Varia\u00e7\u00e3o na constante de tempo<\/span><\/h3>\n<p>No tanque horizontal mostrado na Figura abaixo, a constante de tempo quando o n\u00edvel se encontra na regi\u00e3o central \u00e9 maior do que aquela percebida nas extremidades. Isso significa que a din\u00e2mica de resposta do n\u00edvel a uma varia\u00e7\u00e3o na vaz\u00e3o \u00e9 fun\u00e7\u00e3o do pr\u00f3prio n\u00edvel.<\/p>\n<p><img loading=\"lazy\" decoding=\"async\" class=\"alignnone wp-image-981\" src=\"https:\/\/apcmode.com\/wp-content\/uploads\/2016\/07\/Capturar-49.png\" alt=\"Capturar\" width=\"565\" height=\"221\" srcset=\"https:\/\/apcmode.com\/wp-content\/uploads\/2016\/07\/Capturar-49.png 772w, https:\/\/apcmode.com\/wp-content\/uploads\/2016\/07\/Capturar-49-300x117.png 300w, https:\/\/apcmode.com\/wp-content\/uploads\/2016\/07\/Capturar-49-768x300.png 768w, https:\/\/apcmode.com\/wp-content\/uploads\/2016\/07\/Capturar-49-100x39.png 100w, https:\/\/apcmode.com\/wp-content\/uploads\/2016\/07\/Capturar-49-150x59.png 150w, https:\/\/apcmode.com\/wp-content\/uploads\/2016\/07\/Capturar-49-200x78.png 200w, https:\/\/apcmode.com\/wp-content\/uploads\/2016\/07\/Capturar-49-450x176.png 450w, https:\/\/apcmode.com\/wp-content\/uploads\/2016\/07\/Capturar-49-600x235.png 600w\" sizes=\"auto, (max-width: 565px) 100vw, 565px\" \/><\/p>\n<p>No processo t\u00e9rmico&nbsp;ilustrado na figura abaixo, a din\u00e2mica de aquecimento do reator \u00e9&nbsp;diferente da din\u00e2mica de esfriamento. Enquanto que o aquecimento se d\u00e1 por transfer\u00eancia de calor do vapor contido na jaqueta para l\u00edquido, o esfriamento se d\u00e1 pela perda natural deste calor para o ambiente. O esfriamento claramente apresenta uma din\u00e2mica mais lenta durante o esfriamento. Processos que apresentam constantes de tempo que dependem do sentido de varia\u00e7\u00e3o da PV s\u00e3o chamados de <strong><u>Processos Assim\u00e9tricos<\/u><\/strong>.<\/p>\n<p><img loading=\"lazy\" decoding=\"async\" class=\"alignnone size-full wp-image-982\" src=\"https:\/\/apcmode.com\/wp-content\/uploads\/2016\/07\/Capturar-50.png\" alt=\"Capturar\" width=\"918\" height=\"311\" srcset=\"https:\/\/apcmode.com\/wp-content\/uploads\/2016\/07\/Capturar-50.png 918w, https:\/\/apcmode.com\/wp-content\/uploads\/2016\/07\/Capturar-50-300x102.png 300w, https:\/\/apcmode.com\/wp-content\/uploads\/2016\/07\/Capturar-50-768x260.png 768w, https:\/\/apcmode.com\/wp-content\/uploads\/2016\/07\/Capturar-50-100x34.png 100w, https:\/\/apcmode.com\/wp-content\/uploads\/2016\/07\/Capturar-50-150x51.png 150w, https:\/\/apcmode.com\/wp-content\/uploads\/2016\/07\/Capturar-50-200x68.png 200w, https:\/\/apcmode.com\/wp-content\/uploads\/2016\/07\/Capturar-50-450x152.png 450w, https:\/\/apcmode.com\/wp-content\/uploads\/2016\/07\/Capturar-50-600x203.png 600w, https:\/\/apcmode.com\/wp-content\/uploads\/2016\/07\/Capturar-50-900x305.png 900w\" sizes=\"auto, (max-width: 918px) 100vw, 918px\" \/><\/p>\n<p>Como consequ\u00eancia tem-se um comportamento tamb\u00e9m vari\u00e1vel em malha fechada.<\/p>\n<p><img loading=\"lazy\" decoding=\"async\" class=\"alignnone wp-image-984\" src=\"https:\/\/apcmode.com\/wp-content\/uploads\/2016\/07\/Capturar-51.png\" alt=\"Capturar\" width=\"464\" height=\"279\" srcset=\"https:\/\/apcmode.com\/wp-content\/uploads\/2016\/07\/Capturar-51.png 547w, https:\/\/apcmode.com\/wp-content\/uploads\/2016\/07\/Capturar-51-300x180.png 300w, https:\/\/apcmode.com\/wp-content\/uploads\/2016\/07\/Capturar-51-100x60.png 100w, https:\/\/apcmode.com\/wp-content\/uploads\/2016\/07\/Capturar-51-150x90.png 150w, https:\/\/apcmode.com\/wp-content\/uploads\/2016\/07\/Capturar-51-200x120.png 200w, https:\/\/apcmode.com\/wp-content\/uploads\/2016\/07\/Capturar-51-450x271.png 450w\" sizes=\"auto, (max-width: 464px) 100vw, 464px\" \/><\/p>\n<hr>\n<h3 id=\"caso2\"><span style=\"color: #993300;\">Caso 2: Varia\u00e7\u00e3o no tempo morto<\/span><\/h3>\n<p>Um terceiro exemplo de din\u00e2mica vari\u00e1vel ocorre em processos onde o tempo morto depende da velocidade com que um material ou um fluido se move. A Figura a seguir&nbsp;mostra ilustra o&nbsp;controle de espessura de uma l\u00e2mina de papel. A espessura \u00e9 medida pelo sensor ZT e transmitida para um controlador que determina a abertura da prensa. O intervalo de tempo entre o instante de atua\u00e7\u00e3o da prensa e o instante em que esta modifica\u00e7\u00e3o \u00e9 percebida por ZT depende da velocidade da l\u00e2mina. Se o processo pode variar o ritmo de produ\u00e7\u00e3o, ent\u00e3o a malha ZC opera com um tempo morto vari\u00e1vel.<\/p>\n<p><img loading=\"lazy\" decoding=\"async\" class=\"alignnone size-full wp-image-985\" src=\"https:\/\/apcmode.com\/wp-content\/uploads\/2016\/07\/Capturar-52.png\" alt=\"Capturar\" width=\"796\" height=\"330\" srcset=\"https:\/\/apcmode.com\/wp-content\/uploads\/2016\/07\/Capturar-52.png 796w, https:\/\/apcmode.com\/wp-content\/uploads\/2016\/07\/Capturar-52-300x124.png 300w, https:\/\/apcmode.com\/wp-content\/uploads\/2016\/07\/Capturar-52-768x318.png 768w, https:\/\/apcmode.com\/wp-content\/uploads\/2016\/07\/Capturar-52-100x41.png 100w, https:\/\/apcmode.com\/wp-content\/uploads\/2016\/07\/Capturar-52-150x62.png 150w, https:\/\/apcmode.com\/wp-content\/uploads\/2016\/07\/Capturar-52-200x83.png 200w, https:\/\/apcmode.com\/wp-content\/uploads\/2016\/07\/Capturar-52-450x187.png 450w, https:\/\/apcmode.com\/wp-content\/uploads\/2016\/07\/Capturar-52-600x249.png 600w\" sizes=\"auto, (max-width: 796px) 100vw, 796px\" \/><\/p>\n<hr>\n<h3 id=\"caso1\"><span style=\"color: #993300;\">Caso 3: Varia\u00e7\u00e3o no ganho est\u00e1tico<\/span><\/h3>\n<p>A Figura abaixo&nbsp;mostra uma sequencia de testes ao degrau realizado em um malha. Nota-se que o transit\u00f3rio de resposta \u00e9 semelhante ao de um processo de primeira ordem e dura aproximadamente 10 segundos, por\u00e9m o ganho do processo (rela\u00e7\u00e3o \u0394PV\/\u0394MV) n\u00e3o \u00e9 o mesmo na resposta aos degraus. Neste caso, temos um processo que \u00e9 n\u00e3o linear devido \u00e0s varia\u00e7\u00f5es no ganho est\u00e1tico.<\/p>\n<p><img loading=\"lazy\" decoding=\"async\" class=\"alignnone size-full wp-image-987\" src=\"https:\/\/apcmode.com\/wp-content\/uploads\/2016\/07\/Capturar-53.png\" alt=\"Capturar\" width=\"616\" height=\"380\" srcset=\"https:\/\/apcmode.com\/wp-content\/uploads\/2016\/07\/Capturar-53.png 616w, https:\/\/apcmode.com\/wp-content\/uploads\/2016\/07\/Capturar-53-300x185.png 300w, https:\/\/apcmode.com\/wp-content\/uploads\/2016\/07\/Capturar-53-100x62.png 100w, https:\/\/apcmode.com\/wp-content\/uploads\/2016\/07\/Capturar-53-150x93.png 150w, https:\/\/apcmode.com\/wp-content\/uploads\/2016\/07\/Capturar-53-200x123.png 200w, https:\/\/apcmode.com\/wp-content\/uploads\/2016\/07\/Capturar-53-450x278.png 450w, https:\/\/apcmode.com\/wp-content\/uploads\/2016\/07\/Capturar-53-600x370.png 600w\" sizes=\"auto, (max-width: 616px) 100vw, 616px\" \/><\/p>\n<p>A tabela a seguir mostra a varia\u00e7\u00e3o da MV, da PV e o c\u00e1lculo do ganho em cada um dos degraus. O valor do ganho no degrau n\u00famero 7 (K = 2,0), realizado pr\u00f3ximo ao limite superior, chega a ser 10 vezes maior que o ganho no primeiro degrau 1 (K = 0,2), realizado pr\u00f3ximo ao limite inferior.<\/p>\n<p><img loading=\"lazy\" decoding=\"async\" class=\"alignnone size-full wp-image-988\" src=\"https:\/\/apcmode.com\/wp-content\/uploads\/2016\/07\/Sem-t\u00edtulo-15.png\" alt=\"Sem t\u00edtulo\" width=\"553\" height=\"250\" srcset=\"https:\/\/apcmode.com\/wp-content\/uploads\/2016\/07\/Sem-t\u00edtulo-15.png 553w, https:\/\/apcmode.com\/wp-content\/uploads\/2016\/07\/Sem-t\u00edtulo-15-300x136.png 300w, https:\/\/apcmode.com\/wp-content\/uploads\/2016\/07\/Sem-t\u00edtulo-15-100x45.png 100w, https:\/\/apcmode.com\/wp-content\/uploads\/2016\/07\/Sem-t\u00edtulo-15-150x68.png 150w, https:\/\/apcmode.com\/wp-content\/uploads\/2016\/07\/Sem-t\u00edtulo-15-200x90.png 200w, https:\/\/apcmode.com\/wp-content\/uploads\/2016\/07\/Sem-t\u00edtulo-15-450x203.png 450w\" sizes=\"auto, (max-width: 553px) 100vw, 553px\" \/><\/p>\n<p class=\"Texto\">Processos como este, onde a raz\u00e3o entre o maior e menor valor de ganho \u00e9 superior a tr\u00eas, s\u00e3o considerados processos criticamente n\u00e3o lineares.<\/p>\n<p class=\"Texto\"><img loading=\"lazy\" decoding=\"async\" class=\"alignnone wp-image-990\" src=\"https:\/\/apcmode.com\/wp-content\/uploads\/2016\/07\/Capturar-54.png\" alt=\"Capturar\" width=\"289\" height=\"49\" srcset=\"https:\/\/apcmode.com\/wp-content\/uploads\/2016\/07\/Capturar-54.png 431w, https:\/\/apcmode.com\/wp-content\/uploads\/2016\/07\/Capturar-54-300x51.png 300w, https:\/\/apcmode.com\/wp-content\/uploads\/2016\/07\/Capturar-54-100x17.png 100w, https:\/\/apcmode.com\/wp-content\/uploads\/2016\/07\/Capturar-54-150x25.png 150w, https:\/\/apcmode.com\/wp-content\/uploads\/2016\/07\/Capturar-54-200x34.png 200w\" sizes=\"auto, (max-width: 289px) 100vw, 289px\" \/><\/p>\n<p>Uma fonte comum de n\u00e3o-linearidade \u00e9 a curva caracter\u00edstica de abertura X vaz\u00e3o de uma v\u00e1lvula de controle. Conforme mostrado abaixo, os obturadores s\u00e3o constru\u00eddos propositalmente para gerar curvas lineares ou n\u00e3o-lineares do tipo &#8220;abertura r\u00e1pida&#8221; e &#8220;igual-porcentagem&#8221;. Mesmo as v\u00e1lvulas lineares, por\u00e9m, ap\u00f3s instaladas podem apresentar caracter\u00edstica n\u00e3o-linear devida \u00e0s perdas de carga na linha que s\u00e3o fun\u00e7\u00e3o da vaz\u00e3o.<\/p>\n<p><img loading=\"lazy\" decoding=\"async\" class=\"alignnone size-full wp-image-989\" src=\"https:\/\/apcmode.com\/wp-content\/uploads\/2016\/07\/Sem-t\u00edtulo-16.png\" alt=\"Sem t\u00edtulo\" width=\"782\" height=\"342\" srcset=\"https:\/\/apcmode.com\/wp-content\/uploads\/2016\/07\/Sem-t\u00edtulo-16.png 782w, https:\/\/apcmode.com\/wp-content\/uploads\/2016\/07\/Sem-t\u00edtulo-16-300x131.png 300w, https:\/\/apcmode.com\/wp-content\/uploads\/2016\/07\/Sem-t\u00edtulo-16-768x336.png 768w, https:\/\/apcmode.com\/wp-content\/uploads\/2016\/07\/Sem-t\u00edtulo-16-100x44.png 100w, https:\/\/apcmode.com\/wp-content\/uploads\/2016\/07\/Sem-t\u00edtulo-16-150x66.png 150w, https:\/\/apcmode.com\/wp-content\/uploads\/2016\/07\/Sem-t\u00edtulo-16-200x87.png 200w, https:\/\/apcmode.com\/wp-content\/uploads\/2016\/07\/Sem-t\u00edtulo-16-450x197.png 450w, https:\/\/apcmode.com\/wp-content\/uploads\/2016\/07\/Sem-t\u00edtulo-16-600x262.png 600w\" sizes=\"auto, (max-width: 782px) 100vw, 782px\" \/><\/p>\n<hr>\n<h3 id=\"linearizador\"><span style=\"color: #993300;\">Fun\u00e7\u00e3o linearizadora<\/span><\/h3>\n<p>O bloco linearizador \u00e9 uma fun\u00e7\u00e3o matem\u00e1tica que modifica o sinal de sa\u00edda do controlador conforme diagrama mostrado na Figura abaixo. A combina\u00e7\u00e3o do processo n\u00e3o linear com o bloco linearizador forma um conjunto linear e com ganho unit\u00e1rio no ponto de vista do controlador (rela\u00e7\u00e3o entre MV e PV).<\/p>\n<p><img loading=\"lazy\" decoding=\"async\" class=\"alignnone size-full wp-image-991\" src=\"https:\/\/apcmode.com\/wp-content\/uploads\/2016\/07\/Capturar-55.png\" alt=\"Capturar\" width=\"606\" height=\"161\" srcset=\"https:\/\/apcmode.com\/wp-content\/uploads\/2016\/07\/Capturar-55.png 606w, https:\/\/apcmode.com\/wp-content\/uploads\/2016\/07\/Capturar-55-300x80.png 300w, https:\/\/apcmode.com\/wp-content\/uploads\/2016\/07\/Capturar-55-100x27.png 100w, https:\/\/apcmode.com\/wp-content\/uploads\/2016\/07\/Capturar-55-150x40.png 150w, https:\/\/apcmode.com\/wp-content\/uploads\/2016\/07\/Capturar-55-200x53.png 200w, https:\/\/apcmode.com\/wp-content\/uploads\/2016\/07\/Capturar-55-450x120.png 450w, https:\/\/apcmode.com\/wp-content\/uploads\/2016\/07\/Capturar-55-600x159.png 600w\" sizes=\"auto, (max-width: 606px) 100vw, 606px\" \/><\/p>\n<p>A fun\u00e7\u00e3o de lineariza\u00e7\u00e3o deve ser tal que sua curva combinada com a curva est\u00e1tica do processo resulte numa fun\u00e7\u00e3o linear com inclina\u00e7\u00e3o unit\u00e1ria. A Figura a seguir&nbsp;mostra uma aproxima\u00e7\u00e3o por segmentos de reta da curva est\u00e1tica do processo cuja rela\u00e7\u00e3o MV x PV foi apresentada anteriormente. Ao lado, uma tabela relaciona os valores considerados para estes pontos. A&nbsp; Figura tamb\u00e9m mostra uma linha pontilhada diagonal que representa a rela\u00e7\u00e3o linear desejada e a curva do linearizador. Note que esta \u00faltima \u00e9 o espelhamento da curva do processo em rela\u00e7\u00e3o \u00e0 fun\u00e7\u00e3o linear desejada.<\/p>\n<p><img loading=\"lazy\" decoding=\"async\" class=\"alignnone size-full wp-image-992\" src=\"https:\/\/apcmode.com\/wp-content\/uploads\/2016\/07\/Capturar-56.png\" alt=\"Capturar\" width=\"770\" height=\"452\" srcset=\"https:\/\/apcmode.com\/wp-content\/uploads\/2016\/07\/Capturar-56.png 770w, https:\/\/apcmode.com\/wp-content\/uploads\/2016\/07\/Capturar-56-300x176.png 300w, https:\/\/apcmode.com\/wp-content\/uploads\/2016\/07\/Capturar-56-768x451.png 768w, https:\/\/apcmode.com\/wp-content\/uploads\/2016\/07\/Capturar-56-100x59.png 100w, https:\/\/apcmode.com\/wp-content\/uploads\/2016\/07\/Capturar-56-150x88.png 150w, https:\/\/apcmode.com\/wp-content\/uploads\/2016\/07\/Capturar-56-200x117.png 200w, https:\/\/apcmode.com\/wp-content\/uploads\/2016\/07\/Capturar-56-450x264.png 450w, https:\/\/apcmode.com\/wp-content\/uploads\/2016\/07\/Capturar-56-600x352.png 600w\" sizes=\"auto, (max-width: 770px) 100vw, 770px\" \/><\/p>\n<p>Para ilustrar o funcionamento da fun\u00e7\u00e3o de lineariza\u00e7\u00e3o, considere um valor de 15% na sa\u00edda do controlador (MV). Projetando este valor na curva do linearizador, tem-se que sua sa\u00edda (MV2) corresponde a um valor de 40%. Em seguida, projetando-se este valor na curva do processo, tem-se uma sa\u00edda (PV) que corresponde ao valor de 15%. Observa-se que o valor da PV \u00e9 sempre igual ao valor da MV, ap\u00f3s este \u00faltima ter sido modificado pelo linearizador e pelo processo. Ou seja, o processo foi linearizado.<\/p>\n<p><img loading=\"lazy\" decoding=\"async\" class=\"alignnone size-full wp-image-993\" src=\"https:\/\/apcmode.com\/wp-content\/uploads\/2016\/07\/Capturar-57.png\" alt=\"Capturar\" width=\"571\" height=\"114\" srcset=\"https:\/\/apcmode.com\/wp-content\/uploads\/2016\/07\/Capturar-57.png 571w, https:\/\/apcmode.com\/wp-content\/uploads\/2016\/07\/Capturar-57-300x60.png 300w, https:\/\/apcmode.com\/wp-content\/uploads\/2016\/07\/Capturar-57-100x20.png 100w, https:\/\/apcmode.com\/wp-content\/uploads\/2016\/07\/Capturar-57-150x30.png 150w, https:\/\/apcmode.com\/wp-content\/uploads\/2016\/07\/Capturar-57-200x40.png 200w, https:\/\/apcmode.com\/wp-content\/uploads\/2016\/07\/Capturar-57-450x90.png 450w\" sizes=\"auto, (max-width: 571px) 100vw, 571px\" \/><\/p>\n<hr>\n<h3 id=\"projeto\"><span style=\"color: #993300;\">Considera\u00e7\u00f5es de Projeto<\/span><\/h3>\n<p class=\"Texto\">Quando algum par\u00e2metro do processo \u00e9 vari\u00e1vel nos deparamos com a quest\u00e3o: \u201cQual valor&nbsp;utilizar no projeto do controlador?\u201d<\/p>\n<p class=\"Texto\">No caso de uma varia\u00e7\u00e3o no ganho, por exemplo, se for considerado o menor valor, ent\u00e3o o controlador ir\u00e1 se comportar de maneira oscilat\u00f3ria e at\u00e9 mesmo inst\u00e1vel quando o ganho do processo estiver aumentado. Se por outro lado escolhermos o maior valor, ent\u00e3o o controlador ter\u00e1 uma resposta excessivamente lenta quando o ganho do processo estiver reduzido. Esta \u00faltima situa\u00e7\u00e3o (controlador conservador) n\u00e3o \u00e9 ideal, por\u00e9m \u00e9 certamente melhor do que a primeira.<\/p>\n<p class=\"Texto\">Um caminho \u00e9 a utiliza\u00e7\u00e3o de uma&nbsp; <a href=\"#linearizador\">fun\u00e7\u00e3o linearizadora<\/a>&nbsp;ou de&nbsp;controladores especialmente projetados para tratar estas situa\u00e7\u00f5es, tais como controladores n\u00e3o lineares, controladores com par\u00e2metros escalonados ou controladores adaptativos. Entretanto, tamb\u00e9m \u00e9 poss\u00edvel manter o uso de controladores lineares simples (PID comum), com as seguintes ressalvas:<\/p>\n<ol>\n<li>O controlador s\u00f3 deve ser utilizado em condi\u00e7\u00f5es operacionais onde a varia\u00e7\u00e3o de par\u00e2metros \u00e9 conhecida;<\/li>\n<li>Se a varia\u00e7\u00e3o de par\u00e2metros \u00e9 pouco excessiva (raz\u00e3o entre o valor m\u00e1ximo e o valor m\u00ednimo de cada par\u00e2metro for menor que tr\u00eas), ent\u00e3o projetar o controlador para o pior caso;<\/li>\n<\/ol>\n<p>Portanto, \u00e9 importante primeiramente identificar o comportamento din\u00e2mico do processo, especialmente a constante de tempo dominante &nbsp;e tempo morto \u03b8, nas diferentes condi\u00e7\u00f5es operacionais que a malha ir\u00e1 operar. De posse destes valores, uma regra pr\u00e1tica para o projeto do controlador \u00e9 utilizar aqueles par\u00e2metros que ir\u00e3o resultar num controlador mais conservador (pior caso).<\/p>\n<ul>\n<li>projetar o controlador considerando o maior ganho est\u00e1tico apresentado pelo processo na regi\u00e3o de opera\u00e7\u00e3o da malha;<\/li>\n<li>considera par\u00e2metros din\u00e2micos na qual o processo apresenta a&nbsp;maior \u201cdificuldade de controle\u201d, ou seja, maior raz\u00e3o entre o tempo morto e a constante de tempo.<\/li>\n<\/ul>\n<p>Para exemplificar, a tabela 1 mostra dados obtidos para cinco testes realizados numa malha de controle em diferentes condi\u00e7\u00f5es operacionais. Al\u00e9m do tempo morto e da constante de tempo, tamb\u00e9m consta a raz\u00e3o entre estes valores (dificuldade de controle) e o ganho do controlador calculado pelo m\u00e9todo <em>lambda-tuning<\/em>.<\/p>\n<p><img loading=\"lazy\" decoding=\"async\" class=\"alignnone size-full wp-image-995\" src=\"https:\/\/apcmode.com\/wp-content\/uploads\/2016\/07\/Capturar-59.png\" alt=\"Capturar\" width=\"842\" height=\"211\" srcset=\"https:\/\/apcmode.com\/wp-content\/uploads\/2016\/07\/Capturar-59.png 842w, https:\/\/apcmode.com\/wp-content\/uploads\/2016\/07\/Capturar-59-300x75.png 300w, https:\/\/apcmode.com\/wp-content\/uploads\/2016\/07\/Capturar-59-768x192.png 768w, https:\/\/apcmode.com\/wp-content\/uploads\/2016\/07\/Capturar-59-100x25.png 100w, https:\/\/apcmode.com\/wp-content\/uploads\/2016\/07\/Capturar-59-150x38.png 150w, https:\/\/apcmode.com\/wp-content\/uploads\/2016\/07\/Capturar-59-200x50.png 200w, https:\/\/apcmode.com\/wp-content\/uploads\/2016\/07\/Capturar-59-450x113.png 450w, https:\/\/apcmode.com\/wp-content\/uploads\/2016\/07\/Capturar-59-600x150.png 600w\" sizes=\"auto, (max-width: 842px) 100vw, 842px\" \/><\/p>\n<p>O primeiro passo \u00e9 observar a raz\u00e3o entre o maior e menor valor de cada par\u00e2metro:<\/p>\n<p><img loading=\"lazy\" decoding=\"async\" class=\"alignnone size-full wp-image-996\" src=\"https:\/\/apcmode.com\/wp-content\/uploads\/2016\/07\/Capturar-60.png\" alt=\"Capturar\" width=\"479\" height=\"76\" srcset=\"https:\/\/apcmode.com\/wp-content\/uploads\/2016\/07\/Capturar-60.png 479w, https:\/\/apcmode.com\/wp-content\/uploads\/2016\/07\/Capturar-60-300x48.png 300w, https:\/\/apcmode.com\/wp-content\/uploads\/2016\/07\/Capturar-60-100x16.png 100w, https:\/\/apcmode.com\/wp-content\/uploads\/2016\/07\/Capturar-60-150x24.png 150w, https:\/\/apcmode.com\/wp-content\/uploads\/2016\/07\/Capturar-60-200x32.png 200w, https:\/\/apcmode.com\/wp-content\/uploads\/2016\/07\/Capturar-60-450x71.png 450w\" sizes=\"auto, (max-width: 479px) 100vw, 479px\" \/><\/p>\n<p>Como esta raz\u00e3o \u00e9 inferior a tr\u00eas, ent\u00e3o um controlador comum pode ser utilizado.<\/p>\n<p>O pr\u00f3ximo passo \u00e9 selecionar aqueles par\u00e2metros din\u00e2micos que ir\u00e3o resultar num controlador mais conservador. Esta escolha garante que o controle ser\u00e1 est\u00e1vel em todas as cinco condi\u00e7\u00f5es operacionais. Para isso a sintonia deve se basear no teste onde os par\u00e2metros indicam um processo com maior \u201cdificuldade de controle\u201d (maior raz\u00e3o entre o tempo morto e a constante de tempo). O teste 5 \u00e9 o que possui a maior raz\u00e3o (0,6) e consequentemente o menor ganho no controlador (0,5).<\/p>\n<p><img loading=\"lazy\" decoding=\"async\" class=\"alignnone size-full wp-image-994\" src=\"https:\/\/apcmode.com\/wp-content\/uploads\/2016\/07\/Capturar-58.png\" alt=\"Capturar\" width=\"814\" height=\"232\" srcset=\"https:\/\/apcmode.com\/wp-content\/uploads\/2016\/07\/Capturar-58.png 814w, https:\/\/apcmode.com\/wp-content\/uploads\/2016\/07\/Capturar-58-300x86.png 300w, https:\/\/apcmode.com\/wp-content\/uploads\/2016\/07\/Capturar-58-768x219.png 768w, https:\/\/apcmode.com\/wp-content\/uploads\/2016\/07\/Capturar-58-100x29.png 100w, https:\/\/apcmode.com\/wp-content\/uploads\/2016\/07\/Capturar-58-150x43.png 150w, https:\/\/apcmode.com\/wp-content\/uploads\/2016\/07\/Capturar-58-200x57.png 200w, https:\/\/apcmode.com\/wp-content\/uploads\/2016\/07\/Capturar-58-450x128.png 450w, https:\/\/apcmode.com\/wp-content\/uploads\/2016\/07\/Capturar-58-600x171.png 600w\" sizes=\"auto, (max-width: 814px) 100vw, 814px\" \/><\/p>\n","protected":false},"excerpt":{"rendered":"<p>Retorna para t\u00f3pico anterior Conte\u00fado deste t\u00f3pico &#8211; Varia\u00e7\u00e3o na constante de tempo &#8211; Varia\u00e7\u00e3o no tempo morto &#8211; Varia\u00e7\u00e3o no ganho est\u00e1tico &#8211; Fun\u00e7\u00e3o linearizadora &#8211; Considera\u00e7\u00f5es de Projeto Avan\u00e7a para pr\u00f3ximo t\u00f3pico Nenhum processo possui par\u00e2metros estritamente constantes. &hellip;<\/p>\n<p class=\"read-more\"> <a class=\"more-link\" href=\"https:\/\/apcmode.com\/?page_id=374\"> <span class=\"screen-reader-text\">Par\u00e2metros variantes<\/span> Read More &raquo;<\/a><\/p>\n","protected":false},"author":1,"featured_media":0,"parent":376,"menu_order":61,"comment_status":"closed","ping_status":"closed","template":"full-width-page.php","meta":{"footnotes":""},"class_list":["post-374","page","type-page","status-publish","hentry"],"_links":{"self":[{"href":"https:\/\/apcmode.com\/index.php?rest_route=\/wp\/v2\/pages\/374","targetHints":{"allow":["GET"]}}],"collection":[{"href":"https:\/\/apcmode.com\/index.php?rest_route=\/wp\/v2\/pages"}],"about":[{"href":"https:\/\/apcmode.com\/index.php?rest_route=\/wp\/v2\/types\/page"}],"author":[{"embeddable":true,"href":"https:\/\/apcmode.com\/index.php?rest_route=\/wp\/v2\/users\/1"}],"replies":[{"embeddable":true,"href":"https:\/\/apcmode.com\/index.php?rest_route=%2Fwp%2Fv2%2Fcomments&post=374"}],"version-history":[{"count":2,"href":"https:\/\/apcmode.com\/index.php?rest_route=\/wp\/v2\/pages\/374\/revisions"}],"predecessor-version":[{"id":1263,"href":"https:\/\/apcmode.com\/index.php?rest_route=\/wp\/v2\/pages\/374\/revisions\/1263"}],"up":[{"embeddable":true,"href":"https:\/\/apcmode.com\/index.php?rest_route=\/wp\/v2\/pages\/376"}],"wp:attachment":[{"href":"https:\/\/apcmode.com\/index.php?rest_route=%2Fwp%2Fv2%2Fmedia&parent=374"}],"curies":[{"name":"wp","href":"https:\/\/api.w.org\/{rel}","templated":true}]}}