{"id":316,"date":"2016-07-19T08:53:45","date_gmt":"2016-07-19T11:53:45","guid":{"rendered":"http:\/\/apcmode.com\/?page_id=316"},"modified":"2021-09-08T09:28:26","modified_gmt":"2021-09-08T12:28:26","slug":"objetivos-de-controle","status":"publish","type":"page","link":"https:\/\/apcmode.com\/?page_id=316","title":{"rendered":"Objetivos de controle"},"content":{"rendered":"<table style=\"width: 100%;\" border=\"1\" cellpadding=\"5\">\n<tbody>\n<tr>\n<td><a href=\"https:\/\/apcmode.com\/?page_id=314\">Retorna para t\u00f3pico anterior<\/a><\/td>\n<td>Conte\u00fado deste t\u00f3pico<br \/>\n&#8211; <a href=\"#escrava\">Controle servo-mecanismo (ou de rastreamento)<\/a><br \/>\n&#8211; <a href=\"#regulacao\">Controle regulat\u00f3rio<\/a><br \/>\n&#8211; <a href=\"#offspectime\">Fra\u00e7\u00e3o-tempo n\u00e3o conforme<\/a><br \/>\n&#8211; <a href=\"#controlemedio\">Controle-M\u00e9dio<\/a><br \/>\n&#8211; <a href=\"#seguranca\">Malha de seguran\u00e7a<\/a><\/td>\n<td><a href=\"https:\/\/apcmode.com\/?page_id=318\">Avan\u00e7a para pr\u00f3ximo t\u00f3pico<\/a><\/td>\n<\/tr>\n<\/tbody>\n<\/table>\n<p>Toda malha de controle possui a fun\u00e7\u00e3o comum de reduzir o erro de controle. Por outro lado, se tamb\u00e9m considerarmos o esfor\u00e7o de controle, o perfil do setpoint e uma regi\u00e3o de toler\u00e2ncia para este erro, ent\u00e3o surgem diretrizes adicionais para o projeto do controlador. Para facilitar a identifica\u00e7\u00e3o, prop\u00f5e-se classificar as malhas em cinco grupos, cada um com um objetivo espec\u00edfico de controle:<\/p>\n<p>1 &#8211; Regulat\u00f3rias de variabilidade m\u00ednima (<i>regulatory<\/i>)<\/p>\n<p>2 &#8211; Regulat\u00f3rias por fra\u00e7\u00e3o-tempo em conformidade (<i>offspec<\/i><i> time<\/i><i>)<\/i><\/p>\n<p>3 &#8211; Rastreamento de SP (<i>secondary<\/i>)<\/p>\n<p>4 &#8211; Malha de seguran\u00e7a (<i>security<\/i>)<\/p>\n<p>5 &#8211; Controle m\u00e9dio, tanque pulm\u00e3o (<i>avg-level<\/i>)<\/p>\n<hr \/>\n<h3 id=\"regulacao\"><span style=\"color: #993300;\">Regulat\u00f3rias de variabilidade m\u00ednima<\/span><\/h3>\n<p>S\u00e3o malhas que operam com um <em>setpoint<\/em> constante, ou com varia\u00e7\u00f5es apenas eventuais (por exemplo, durante partida\/parada de planta). <strong>O objetivo \u00e9 manter a vari\u00e1vel controlada o mais pr\u00f3ximo poss\u00edvel do setpoint, compensando perturba\u00e7\u00f5es de carga e dist\u00farbios diversos.<\/strong><\/p>\n<p>Acrescenta-se que, neste tipo de malha, a PV tem rela\u00e7\u00e3o direta com a qualidade do processo. Busca-se a variabilidade m\u00ednima, sem erro permanente, maximizando a qualidade; Variabilidade da PV e erro m\u00e9dio de controle tem rela\u00e7\u00e3o muito pr\u00f3xima;<\/p>\n<p>Exemplos: Umidade em secadores, espessura em laminadores, densidade em tanque de homogeneiza\u00e7\u00e3o, concentra\u00e7\u00e3o do produto final, press\u00e3o em ciclones, ou qualquer vari\u00e1vel de processo (n\u00edvel, temperatura, press\u00e3o, densidade, pH, etc) onde a redu\u00e7\u00e3o da variabilidade propicia otimiza\u00e7\u00e3o no ponto de opera\u00e7\u00e3o e aproxima\u00e7\u00e3o com alguma restri\u00e7\u00e3o \u00f3tima;<\/p>\n<p>A variabilidade m\u00ednima tamb\u00e9m se aplica \u00e0 malhas de controle com rela\u00e7\u00e3o indireta com a qualidade, ou seja, a redu\u00e7\u00e3o da variabilidade \u00e9 chave para o desempenho de outras malhas com impacto na qualidade ou auxilia no desacoplamento em linha de suprimento, tais como: press\u00e3o de vapor na sa\u00edda de caldeiras, n\u00edvel ou temperatura em reatores,\u00a0 vaz\u00e3o de alimenta\u00e7\u00e3o de opera\u00e7\u00f5es, altura de interface em separadores, press\u00e3o de <i>header<\/i> em linha de suprimento com consumidores independentes; press\u00e3o de compressores\/exaustores;<\/p>\n<p><img loading=\"lazy\" decoding=\"async\" class=\"alignnone size-full wp-image-572\" src=\"https:\/\/apcmode.com\/wp-content\/uploads\/2016\/07\/fig11d.png\" alt=\"\" width=\"634\" height=\"451\" srcset=\"https:\/\/apcmode.com\/wp-content\/uploads\/2016\/07\/fig11d.png 634w, https:\/\/apcmode.com\/wp-content\/uploads\/2016\/07\/fig11d-300x213.png 300w, https:\/\/apcmode.com\/wp-content\/uploads\/2016\/07\/fig11d-100x71.png 100w, https:\/\/apcmode.com\/wp-content\/uploads\/2016\/07\/fig11d-150x107.png 150w, https:\/\/apcmode.com\/wp-content\/uploads\/2016\/07\/fig11d-200x142.png 200w, https:\/\/apcmode.com\/wp-content\/uploads\/2016\/07\/fig11d-450x320.png 450w, https:\/\/apcmode.com\/wp-content\/uploads\/2016\/07\/fig11d-600x427.png 600w\" sizes=\"auto, (max-width: 634px) 100vw, 634px\" \/><\/p>\n<hr \/>\n<h3 id=\"regulacao\"><span style=\"color: #993300;\">Regulat\u00f3rias de variabilidade m\u00ednima<\/span><\/h3>\n<p>Busca-se minimizar o erro m\u00e9dio, por\u00e9m n\u00e3o h\u00e1 uma rela\u00e7\u00e3o clara entre qualidade e variabilidade;\u00a0 <span style=\"letter-spacing: -0.015em;\">A malha possui um ponto de refer\u00eancia (<\/span><i style=\"letter-spacing: -0.015em;\">set point<\/i><span style=\"letter-spacing: -0.015em;\">), por\u00e9m o benef\u00edcio da redu\u00e7\u00e3o de variabilidade deixa de existir quando o erro se torna pequeno;\u00a0 <\/span><span style=\"letter-spacing: -0.015em;\">Ap\u00f3s um dist\u00farbio, a perda associada ao desvio da PV em rela\u00e7\u00e3o ao SP depende mais do tempo de restabelecimento do que da amplitude do desvio; <\/span><span style=\"letter-spacing: -0.015em;\">Mais importante que a amplitude do erro, \u00e9 a raz\u00e3o entre o tempo em que a malha opera dentro e fora de determinados limites.<\/span><\/p>\n<p>O indicador de desempenho deve refletir o percentual de tempo em que a vari\u00e1vel de processe esteve fora dos limites de especifica\u00e7\u00e3o, n\u00e3o importante o tanto que ultrapassou estes limites.<\/p>\n<p><img loading=\"lazy\" decoding=\"async\" class=\"alignnone size-full wp-image-1383\" src=\"https:\/\/apcmode.com\/wp-content\/uploads\/2021\/09\/obj-controle.png\" alt=\"\" width=\"490\" height=\"188\" srcset=\"https:\/\/apcmode.com\/wp-content\/uploads\/2021\/09\/obj-controle.png 490w, https:\/\/apcmode.com\/wp-content\/uploads\/2021\/09\/obj-controle-300x115.png 300w, https:\/\/apcmode.com\/wp-content\/uploads\/2021\/09\/obj-controle-100x38.png 100w, https:\/\/apcmode.com\/wp-content\/uploads\/2021\/09\/obj-controle-150x58.png 150w, https:\/\/apcmode.com\/wp-content\/uploads\/2021\/09\/obj-controle-200x77.png 200w, https:\/\/apcmode.com\/wp-content\/uploads\/2021\/09\/obj-controle-450x173.png 450w\" sizes=\"auto, (max-width: 490px) 100vw, 490px\" \/><\/p>\n<p>Exemplos: n\u00edvel em tubul\u00e3o de caldeira, temperatura em forno de tratamento t\u00e9rmico, n\u00edvel de flotado em coluna, press\u00e3o em c\u00e2mara de secagem, n\u00edvel de condensado em vaso separador<\/p>\n<hr \/>\n<h3 id=\"escrava\"><span style=\"color: #993300;\">Malhas escravas (controle servo-mecanismo)<\/span><\/h3>\n<p>Operam com um <em>setpoint<\/em> vari\u00e1vel. O valor do setpoint \u00e9 recalculado automaticamente como fun\u00e7\u00e3o de outras vari\u00e1veis ou \u00e9 oriundo de um sistema de controle mestre (outra malha de controle, sistema especialista ou gerador de trajet\u00f3ria). <strong>O objetivo principal da malha \u00e9 conseguir rastrear este setpoint vari\u00e1vel, com o m\u00ednimo de atraso e erro.<\/strong><\/p>\n<p>Aplica\u00e7\u00f5es t\u00edpicas: Malhas escravas (controle de vaz\u00e3o), controle de trajet\u00f3rias em manipuladores rob\u00f3ticos (controle de posi\u00e7\u00e3o, velocidade e acelera\u00e7\u00e3o), processos batelada (temperatura e concentra\u00e7\u00e3o).<\/p>\n<p>A seguir um exemplo de gr\u00e1fico de tend\u00eancia de uma malha escrava para\u00a0controle de vaz\u00e3o<\/p>\n<p><img loading=\"lazy\" decoding=\"async\" class=\"size-full wp-image-536\" src=\"https:\/\/apcmode.com\/wp-content\/uploads\/2016\/07\/fig13a.png\" alt=\"Exemplo de gr\u00e1fico de tend\u00eancia de uma malha escrava de controle de vaz\u00e3o\" width=\"786\" height=\"348\" srcset=\"https:\/\/apcmode.com\/wp-content\/uploads\/2016\/07\/fig13a.png 786w, https:\/\/apcmode.com\/wp-content\/uploads\/2016\/07\/fig13a-300x133.png 300w, https:\/\/apcmode.com\/wp-content\/uploads\/2016\/07\/fig13a-768x340.png 768w, https:\/\/apcmode.com\/wp-content\/uploads\/2016\/07\/fig13a-100x44.png 100w, https:\/\/apcmode.com\/wp-content\/uploads\/2016\/07\/fig13a-150x66.png 150w, https:\/\/apcmode.com\/wp-content\/uploads\/2016\/07\/fig13a-200x89.png 200w, https:\/\/apcmode.com\/wp-content\/uploads\/2016\/07\/fig13a-450x199.png 450w, https:\/\/apcmode.com\/wp-content\/uploads\/2016\/07\/fig13a-600x266.png 600w\" sizes=\"auto, (max-width: 786px) 100vw, 786px\" \/><\/p>\n<hr \/>\n<h3 id=\"controlemedio\"><span style=\"color: #993300;\">Malha de controle m\u00e9dio (<em>Average Control<\/em> ou <em>Anti-Surge Control<\/em>)<\/span><\/h3>\n<p>Possui dois objetivos: (1) manter a PV controlada entre dois patamares (regi\u00e3o de controle) e; (2) operar com a menor varia\u00e7\u00e3o poss\u00edvel na MV. O <em>setpoint<\/em> da malha, quando utilizado, \u00e9 apenas uma refer\u00eancia de m\u00e9dio-prazo e o controlador age apenas para compensar a varia\u00e7\u00e3o m\u00e9dia de carga.<\/p>\n<p>Aplica\u00e7\u00f5es t\u00edpicas: Em equipamentos de processo usados como filtros naturais, absorvendo varia\u00e7\u00f5es de alta frequ\u00eancia e, ao mesmo tempo, evitando varia\u00e7\u00f5es bruscas na sa\u00edda de controle (MV). Alguns exemplos: tanques \u201cpulm\u00e3o\u201d (tanques reservat\u00f3rios usados para absorver varia\u00e7\u00f5es de carga), vasos separadores g\u00e1s\/\u00f3leo na ind\u00fastria petrol\u00edfera, silos de abastecimento, caixas de polpa na minera\u00e7\u00e3o.<\/p>\n<p>No exemplo ilustrado pela figura abaixo um tanque pulm\u00e3o possui seu n\u00edvel controlado pela vaz\u00e3o de sa\u00edda. O <em>setpoint<\/em> \u00e9 de 50%, por\u00e9m o n\u00edvel possui liberdade para varia entre 30 e 70%. Assim o controle \u00e9 projetado de maneira a excursionar minimamente a MV (vaz\u00e3o de sa\u00edda), enquanto que as varia\u00e7\u00f5es no fluxo de entrada s\u00e3o transferidas para a PV, ou seja, absorvidas pelo tanque.<\/p>\n<p><img loading=\"lazy\" decoding=\"async\" class=\"alignnone size-full wp-image-538\" src=\"https:\/\/apcmode.com\/wp-content\/uploads\/2016\/07\/fig13c.png\" alt=\"fig13c\" width=\"877\" height=\"325\" srcset=\"https:\/\/apcmode.com\/wp-content\/uploads\/2016\/07\/fig13c.png 877w, https:\/\/apcmode.com\/wp-content\/uploads\/2016\/07\/fig13c-300x111.png 300w, https:\/\/apcmode.com\/wp-content\/uploads\/2016\/07\/fig13c-768x285.png 768w, https:\/\/apcmode.com\/wp-content\/uploads\/2016\/07\/fig13c-100x37.png 100w, https:\/\/apcmode.com\/wp-content\/uploads\/2016\/07\/fig13c-150x56.png 150w, https:\/\/apcmode.com\/wp-content\/uploads\/2016\/07\/fig13c-200x74.png 200w, https:\/\/apcmode.com\/wp-content\/uploads\/2016\/07\/fig13c-450x167.png 450w, https:\/\/apcmode.com\/wp-content\/uploads\/2016\/07\/fig13c-600x222.png 600w\" sizes=\"auto, (max-width: 877px) 100vw, 877px\" \/><\/p>\n<hr \/>\n<h3 id=\"seguranca\"><span style=\"color: #993300;\">Malhas de seguran\u00e7a<\/span><\/h3>\n<p>S\u00e3o malhas que operam normalmente saturadas (MV em seu valor m\u00ednimo ou m\u00e1ximo), enquanto a PV permanece afastada do SP, que neste caso \u00e9 ajustado em algum limite m\u00e1ximo ou m\u00ednimo de seguran\u00e7a. Quando, por\u00e9m, a PV ultrapassa o SP, ent\u00e3o a MV se move at\u00e9 que a condi\u00e7\u00e3o original seja restabelecida.<\/p>\n<p>A Figura a seguir\u00a0exemplifica uma malha de seguran\u00e7a para press\u00e3o em vasos. O SP \u00e9 ajustado no valor da press\u00e3o m\u00e1xima aceit\u00e1vel e a MV \u00e9 refer\u00eancia de abertura para uma v\u00e1lvula de al\u00edvio. Repare que na maior parte do tempo a PV permanece abaixo do valor limite e a MV em 0% (v\u00e1lvula de al\u00edvio fechada). O controlador entra em a\u00e7\u00e3o, por\u00e9m, quando ocorre um aumento na press\u00e3o.<\/p>\n<p><img loading=\"lazy\" decoding=\"async\" class=\"alignnone size-full wp-image-535\" src=\"https:\/\/apcmode.com\/wp-content\/uploads\/2016\/07\/fig13d.png\" alt=\"fig13d\" width=\"638\" height=\"310\" srcset=\"https:\/\/apcmode.com\/wp-content\/uploads\/2016\/07\/fig13d.png 638w, https:\/\/apcmode.com\/wp-content\/uploads\/2016\/07\/fig13d-300x146.png 300w, https:\/\/apcmode.com\/wp-content\/uploads\/2016\/07\/fig13d-100x49.png 100w, https:\/\/apcmode.com\/wp-content\/uploads\/2016\/07\/fig13d-150x73.png 150w, https:\/\/apcmode.com\/wp-content\/uploads\/2016\/07\/fig13d-200x97.png 200w, https:\/\/apcmode.com\/wp-content\/uploads\/2016\/07\/fig13d-450x219.png 450w, https:\/\/apcmode.com\/wp-content\/uploads\/2016\/07\/fig13d-600x292.png 600w\" sizes=\"auto, (max-width: 638px) 100vw, 638px\" \/><\/p>\n","protected":false},"excerpt":{"rendered":"<p>Retorna para t\u00f3pico anterior Conte\u00fado deste t\u00f3pico &#8211; Controle servo-mecanismo (ou de rastreamento) &#8211; Controle regulat\u00f3rio &#8211; Fra\u00e7\u00e3o-tempo n\u00e3o conforme &#8211; Controle-M\u00e9dio &#8211; Malha de seguran\u00e7a Avan\u00e7a para pr\u00f3ximo t\u00f3pico Toda malha de controle possui a fun\u00e7\u00e3o comum de reduzir &hellip;<\/p>\n<p class=\"read-more\"> <a class=\"more-link\" href=\"https:\/\/apcmode.com\/?page_id=316\"> <span class=\"screen-reader-text\">Objetivos de controle<\/span> Read More &raquo;<\/a><\/p>\n","protected":false},"author":1,"featured_media":0,"parent":310,"menu_order":13,"comment_status":"closed","ping_status":"closed","template":"full-width-page.php","meta":{"footnotes":""},"class_list":["post-316","page","type-page","status-publish","hentry"],"_links":{"self":[{"href":"https:\/\/apcmode.com\/index.php?rest_route=\/wp\/v2\/pages\/316","targetHints":{"allow":["GET"]}}],"collection":[{"href":"https:\/\/apcmode.com\/index.php?rest_route=\/wp\/v2\/pages"}],"about":[{"href":"https:\/\/apcmode.com\/index.php?rest_route=\/wp\/v2\/types\/page"}],"author":[{"embeddable":true,"href":"https:\/\/apcmode.com\/index.php?rest_route=\/wp\/v2\/users\/1"}],"replies":[{"embeddable":true,"href":"https:\/\/apcmode.com\/index.php?rest_route=%2Fwp%2Fv2%2Fcomments&post=316"}],"version-history":[{"count":7,"href":"https:\/\/apcmode.com\/index.php?rest_route=\/wp\/v2\/pages\/316\/revisions"}],"predecessor-version":[{"id":1389,"href":"https:\/\/apcmode.com\/index.php?rest_route=\/wp\/v2\/pages\/316\/revisions\/1389"}],"up":[{"embeddable":true,"href":"https:\/\/apcmode.com\/index.php?rest_route=\/wp\/v2\/pages\/310"}],"wp:attachment":[{"href":"https:\/\/apcmode.com\/index.php?rest_route=%2Fwp%2Fv2%2Fmedia&parent=316"}],"curies":[{"name":"wp","href":"https:\/\/api.w.org\/{rel}","templated":true}]}}