{"id":1402,"date":"2021-09-08T21:28:51","date_gmt":"2021-09-09T00:28:51","guid":{"rendered":"http:\/\/apcmode.com\/?page_id=1402"},"modified":"2021-09-08T21:34:42","modified_gmt":"2021-09-09T00:34:42","slug":"efeito-do-tempo-morto-no-projeto-%ce%bb-tun","status":"publish","type":"page","link":"https:\/\/apcmode.com\/?page_id=1402","title":{"rendered":"Efeito do tempo morto no projeto \u03bb-tun"},"content":{"rendered":"\n<p>O tempo morto \u00e9 o principal limitador de desempenho em sistemas retroalimentados. Sua presen\u00e7a, associada a uma a\u00e7\u00e3o retroalimentada com ganho excessivo, torna uma malha de controle oscilat\u00f3ria ou at\u00e9 mesmo inst\u00e1vel.<\/p>\n\n\n\n<p>Isso pode ser demonstrado analisando a trajet\u00f3ria do lugar das ra\u00edzes ap\u00f3s inserir uma aproxima\u00e7\u00e3o polinomial do efeito do tempo morto no processo. Considere a malha de controle abaixo:<\/p>\n\n\n\n<figure class=\"wp-block-image size-large\"><img loading=\"lazy\" decoding=\"async\" width=\"533\" height=\"107\" src=\"https:\/\/apcmode.com\/wp-content\/uploads\/2021\/09\/tm1.png\" alt=\"\" class=\"wp-image-1403\" srcset=\"https:\/\/apcmode.com\/wp-content\/uploads\/2021\/09\/tm1.png 533w, https:\/\/apcmode.com\/wp-content\/uploads\/2021\/09\/tm1-300x60.png 300w, https:\/\/apcmode.com\/wp-content\/uploads\/2021\/09\/tm1-100x20.png 100w, https:\/\/apcmode.com\/wp-content\/uploads\/2021\/09\/tm1-150x30.png 150w, https:\/\/apcmode.com\/wp-content\/uploads\/2021\/09\/tm1-200x40.png 200w, https:\/\/apcmode.com\/wp-content\/uploads\/2021\/09\/tm1-450x90.png 450w\" sizes=\"auto, (max-width: 533px) 100vw, 533px\" \/><\/figure>\n\n\n\n<p>Onde&nbsp; G(s) \u00e9 uma fun\u00e7\u00e3o de transfer\u00eancia de primeira ordem, o controlador C(s) \u00e9 do tipo PI com o zero coincidindo com o p\u00f3lo de G(s) e o termo \u03b8(s) \u00e9 uma aproxima\u00e7\u00e3o de Pad\u00e8 de ordem 1 para o tempo morto.<\/p>\n\n\n\n<figure class=\"wp-block-image size-large\"><img loading=\"lazy\" decoding=\"async\" width=\"387\" height=\"92\" src=\"https:\/\/apcmode.com\/wp-content\/uploads\/2021\/09\/tm2.png\" alt=\"\" class=\"wp-image-1404\" srcset=\"https:\/\/apcmode.com\/wp-content\/uploads\/2021\/09\/tm2.png 387w, https:\/\/apcmode.com\/wp-content\/uploads\/2021\/09\/tm2-300x71.png 300w, https:\/\/apcmode.com\/wp-content\/uploads\/2021\/09\/tm2-100x24.png 100w, https:\/\/apcmode.com\/wp-content\/uploads\/2021\/09\/tm2-150x36.png 150w, https:\/\/apcmode.com\/wp-content\/uploads\/2021\/09\/tm2-200x48.png 200w\" sizes=\"auto, (max-width: 387px) 100vw, 387px\" \/><\/figure>\n\n\n\n<p>A figura a seguir apresenta o mapa S com o p\u00f3lo de G(s) na cor amarela, p\u00f3lo\/zero de C(s) de azul e o p\u00f3lo\/zero da aproxima\u00e7\u00e3o para o tempo morto de vermelho. Tra\u00e7ando o lugar das ra\u00edze, verifica-se que o polo do controlador n\u00e3o pode mais se deslocar livremente para a esquerda, pois em determinado momento ele ir\u00e1 \u201ccolidir\u201d com o polo do tempo morto. A partir deste ponto os polos seguem trajet\u00f3rias pelo espa\u00e7o complexo e o sistema passa a responder com transit\u00f3ria oscilat\u00f3rio.<\/p>\n\n\n\n<figure class=\"wp-block-image size-large\"><img loading=\"lazy\" decoding=\"async\" width=\"559\" height=\"413\" src=\"https:\/\/apcmode.com\/wp-content\/uploads\/2021\/09\/tm3.png\" alt=\"\" class=\"wp-image-1405\" srcset=\"https:\/\/apcmode.com\/wp-content\/uploads\/2021\/09\/tm3.png 559w, https:\/\/apcmode.com\/wp-content\/uploads\/2021\/09\/tm3-300x222.png 300w, https:\/\/apcmode.com\/wp-content\/uploads\/2021\/09\/tm3-100x74.png 100w, https:\/\/apcmode.com\/wp-content\/uploads\/2021\/09\/tm3-150x111.png 150w, https:\/\/apcmode.com\/wp-content\/uploads\/2021\/09\/tm3-200x148.png 200w, https:\/\/apcmode.com\/wp-content\/uploads\/2021\/09\/tm3-450x332.png 450w\" sizes=\"auto, (max-width: 559px) 100vw, 559px\" \/><\/figure>\n\n\n\n<p>Ainda observando o tra\u00e7ado do lugar das ra\u00edzes, conclui-se que o melhor desempenho \u00e9 alcan\u00e7ado no ponto onde os polos (do tempo morto e do controlador) se encontram. Neste ponto o sistema apresenta resposta est\u00e1vel e sobreamortecida e seu polo mais a direta est\u00e1 na sua maior dist\u00e2ncia em rela\u00e7\u00e3o ao eixo vertical.<\/p>\n\n\n\n<p>Tomando-se a FT de malha fechada e substituindo as rela\u00e7\u00f5es G(s) e C(s), temos:<\/p>\n\n\n\n<figure class=\"wp-block-image size-large\"><img loading=\"lazy\" decoding=\"async\" width=\"583\" height=\"353\" src=\"https:\/\/apcmode.com\/wp-content\/uploads\/2021\/09\/tm4.png\" alt=\"\" class=\"wp-image-1406\" srcset=\"https:\/\/apcmode.com\/wp-content\/uploads\/2021\/09\/tm4.png 583w, https:\/\/apcmode.com\/wp-content\/uploads\/2021\/09\/tm4-300x182.png 300w, https:\/\/apcmode.com\/wp-content\/uploads\/2021\/09\/tm4-100x61.png 100w, https:\/\/apcmode.com\/wp-content\/uploads\/2021\/09\/tm4-150x91.png 150w, https:\/\/apcmode.com\/wp-content\/uploads\/2021\/09\/tm4-200x121.png 200w, https:\/\/apcmode.com\/wp-content\/uploads\/2021\/09\/tm4-450x272.png 450w\" sizes=\"auto, (max-width: 583px) 100vw, 583px\" \/><\/figure>\n\n\n\n<p>Considerando que no ponto de melhor desempenho as ra\u00edzes da equa\u00e7\u00e3o caracter\u00edstica de malha fechada s\u00e3o reais negativas e iguais, \u03bb deve ser tal que o \u0394 da equa\u00e7\u00e3o caracter\u00edstica seja nulo:<\/p>\n\n\n\n<figure class=\"wp-block-image size-large\"><img loading=\"lazy\" decoding=\"async\" width=\"517\" height=\"130\" src=\"https:\/\/apcmode.com\/wp-content\/uploads\/2021\/09\/tm5.png\" alt=\"\" class=\"wp-image-1409\" srcset=\"https:\/\/apcmode.com\/wp-content\/uploads\/2021\/09\/tm5.png 517w, https:\/\/apcmode.com\/wp-content\/uploads\/2021\/09\/tm5-300x75.png 300w, https:\/\/apcmode.com\/wp-content\/uploads\/2021\/09\/tm5-100x25.png 100w, https:\/\/apcmode.com\/wp-content\/uploads\/2021\/09\/tm5-150x38.png 150w, https:\/\/apcmode.com\/wp-content\/uploads\/2021\/09\/tm5-200x50.png 200w, https:\/\/apcmode.com\/wp-content\/uploads\/2021\/09\/tm5-450x113.png 450w\" sizes=\"auto, (max-width: 517px) 100vw, 517px\" \/><\/figure>\n\n\n\n<p>Ao substituir os valores de \u03bb1 e \u03bb2 na equa\u00e7\u00e3o caracter\u00edstica, verificamos que \u03bb1 resulta em ra\u00edzes positivas enquanto \u03bb2 resulta em ra\u00edzes negativas. Portanto, a rela\u00e7\u00e3o <strong>\u03bb = 3\u03b8<\/strong>, resulta em polos em malha fechada iguais e negativos, ou seja, uma resposta temporal sobreamortecida com o menor tempo de resposta poss\u00edvel.<\/p>\n\n\n\n<h2 class=\"wp-block-heading\"><a>Considera\u00e7\u00e3o sobre estabilidade<\/a><\/h2>\n\n\n\n<p>Observando novamente o lugar das ra\u00edzes, vemos que os polos complexos de malha fechada tendem a atravessar para o semiplano direito a partir de certo valor de ganho, tornando o sistema inst\u00e1vel.<\/p>\n\n\n\n<p>Quando os polos complexos est\u00e3o no limite de estabilidade (sobre o eixo imagin\u00e1rio) a parte real das ra\u00edzes da equa\u00e7\u00e3o caracter\u00edstica \u00e9 nula, e assim:<\/p>\n\n\n\n<figure class=\"wp-block-image size-large\"><img loading=\"lazy\" decoding=\"async\" width=\"575\" height=\"287\" src=\"https:\/\/apcmode.com\/wp-content\/uploads\/2021\/09\/tm6-1.png\" alt=\"\" class=\"wp-image-1410\" srcset=\"https:\/\/apcmode.com\/wp-content\/uploads\/2021\/09\/tm6-1.png 575w, https:\/\/apcmode.com\/wp-content\/uploads\/2021\/09\/tm6-1-300x150.png 300w, https:\/\/apcmode.com\/wp-content\/uploads\/2021\/09\/tm6-1-100x50.png 100w, https:\/\/apcmode.com\/wp-content\/uploads\/2021\/09\/tm6-1-150x75.png 150w, https:\/\/apcmode.com\/wp-content\/uploads\/2021\/09\/tm6-1-200x100.png 200w, https:\/\/apcmode.com\/wp-content\/uploads\/2021\/09\/tm6-1-450x225.png 450w\" sizes=\"auto, (max-width: 575px) 100vw, 575px\" \/><\/figure>\n","protected":false},"excerpt":{"rendered":"<p>O tempo morto \u00e9 o principal limitador de desempenho em sistemas retroalimentados. Sua presen\u00e7a, associada a uma a\u00e7\u00e3o retroalimentada com ganho excessivo, torna uma malha de controle oscilat\u00f3ria ou at\u00e9 mesmo inst\u00e1vel. Isso pode ser demonstrado analisando a trajet\u00f3ria do &hellip;<\/p>\n<p class=\"read-more\"> <a class=\"more-link\" href=\"https:\/\/apcmode.com\/?page_id=1402\"> <span class=\"screen-reader-text\">Efeito do tempo morto no projeto \u03bb-tun<\/span> Read More &raquo;<\/a><\/p>\n","protected":false},"author":1,"featured_media":0,"parent":392,"menu_order":0,"comment_status":"closed","ping_status":"closed","template":"full-width-page.php","meta":{"footnotes":""},"class_list":["post-1402","page","type-page","status-publish","hentry"],"_links":{"self":[{"href":"https:\/\/apcmode.com\/index.php?rest_route=\/wp\/v2\/pages\/1402","targetHints":{"allow":["GET"]}}],"collection":[{"href":"https:\/\/apcmode.com\/index.php?rest_route=\/wp\/v2\/pages"}],"about":[{"href":"https:\/\/apcmode.com\/index.php?rest_route=\/wp\/v2\/types\/page"}],"author":[{"embeddable":true,"href":"https:\/\/apcmode.com\/index.php?rest_route=\/wp\/v2\/users\/1"}],"replies":[{"embeddable":true,"href":"https:\/\/apcmode.com\/index.php?rest_route=%2Fwp%2Fv2%2Fcomments&post=1402"}],"version-history":[{"count":3,"href":"https:\/\/apcmode.com\/index.php?rest_route=\/wp\/v2\/pages\/1402\/revisions"}],"predecessor-version":[{"id":1417,"href":"https:\/\/apcmode.com\/index.php?rest_route=\/wp\/v2\/pages\/1402\/revisions\/1417"}],"up":[{"embeddable":true,"href":"https:\/\/apcmode.com\/index.php?rest_route=\/wp\/v2\/pages\/392"}],"wp:attachment":[{"href":"https:\/\/apcmode.com\/index.php?rest_route=%2Fwp%2Fv2%2Fmedia&parent=1402"}],"curies":[{"name":"wp","href":"https:\/\/api.w.org\/{rel}","templated":true}]}}