{"id":1354,"date":"2020-12-10T11:20:47","date_gmt":"2020-12-10T14:20:47","guid":{"rendered":"http:\/\/apcmode.com\/?page_id=1354"},"modified":"2025-09-14T19:02:56","modified_gmt":"2025-09-14T22:02:56","slug":"sobre","status":"publish","type":"page","link":"https:\/\/apcmode.com\/?page_id=1354","title":{"rendered":"Sobre"},"content":{"rendered":"\n<p>TDPS \u00e9 um software de simula\u00e7\u00e3o concebido para ensino e teste de estrat\u00e9gias de controle regulat\u00f3rio em processos din\u00e2micos. Seu uso \u00e9 livre e sugest\u00f5es de melhorias, corre\u00e7\u00f5es ou relatos de uso podem ser enviadas para lucio@deq.ufmg.br ou elvis27mayk@gmail.com.<\/p>\n\n\n\n<p><strong>Autores:<\/strong><\/p>\n\n\n\n<ul class=\"wp-block-list\">\n<li>Paulo Vicente Correa (L&amp;M Engenharia)<\/li>\n\n\n\n<li>L\u00facio F\u00e1bio Passos (DEQ\/UFMG)<\/li>\n<\/ul>\n\n\n\n<p><strong>Contribui\u00e7\u00e3o:<\/strong><\/p>\n\n\n\n<ul class=\"wp-block-list\">\n<li>Elvis Mayk Chaves Barbosa (TAGNA Tecnologia e PUC Minas)<\/li>\n<\/ul>\n\n\n\n<p><\/p>\n","protected":false},"excerpt":{"rendered":"<p>TDPS \u00e9 um software de simula\u00e7\u00e3o concebido para ensino e teste de estrat\u00e9gias de controle regulat\u00f3rio em processos din\u00e2micos. Seu uso \u00e9 livre e sugest\u00f5es de melhorias, corre\u00e7\u00f5es ou relatos de uso podem ser enviadas para lucio@deq.ufmg.br ou elvis27mayk@gmail.com. Autores: &hellip;<\/p>\n<p class=\"read-more\"> <a class=\"more-link\" href=\"https:\/\/apcmode.com\/?page_id=1354\"> <span class=\"screen-reader-text\">Sobre<\/span> Read More &raquo;<\/a><\/p>\n","protected":false},"author":1,"featured_media":0,"parent":0,"menu_order":0,"comment_status":"closed","ping_status":"closed","template":"full-width-page.php","meta":{"footnotes":""},"class_list":["post-1354","page","type-page","status-publish","hentry"],"_links":{"self":[{"href":"https:\/\/apcmode.com\/index.php?rest_route=\/wp\/v2\/pages\/1354","targetHints":{"allow":["GET"]}}],"collection":[{"href":"https:\/\/apcmode.com\/index.php?rest_route=\/wp\/v2\/pages"}],"about":[{"href":"https:\/\/apcmode.com\/index.php?rest_route=\/wp\/v2\/types\/page"}],"author":[{"embeddable":true,"href":"https:\/\/apcmode.com\/index.php?rest_route=\/wp\/v2\/users\/1"}],"replies":[{"embeddable":true,"href":"https:\/\/apcmode.com\/index.php?rest_route=%2Fwp%2Fv2%2Fcomments&post=1354"}],"version-history":[{"count":6,"href":"https:\/\/apcmode.com\/index.php?rest_route=\/wp\/v2\/pages\/1354\/revisions"}],"predecessor-version":[{"id":1459,"href":"https:\/\/apcmode.com\/index.php?rest_route=\/wp\/v2\/pages\/1354\/revisions\/1459"}],"wp:attachment":[{"href":"https:\/\/apcmode.com\/index.php?rest_route=%2Fwp%2Fv2%2Fmedia&parent=1354"}],"curies":[{"name":"wp","href":"https:\/\/api.w.org\/{rel}","templated":true}]}}